Evaluate 1 + 9 + -11 - -7.
6
Calculate 2 + (1 - (2 - (-4 - -2))).
-1
What is the value of 5 + 0 + -6 + 2 + -6?
-5
What is 0 + (13 - 9) + 6?
10
What is the value of -3 - (-7 + 3 + (-2 - -6))?
-3
-1 + 0 + -8 + 4 + 9
4
4 + (3 - (1 + -1 + 4))
3
What is the value of 237 - 250 - (-1 + (-1 - 5))?
-6
What is the value of 0 + (7 - (5 + 0)) - -1?
3
What is the value of -12 + 7 - (0 - (-4 - -11))?
2
Evaluate -3 + 0 - (5 - (-2 + 7)).
-3
Evaluate -2 + -4 - -2 - (6 + -6).
-4
What is -2 + (5 - (2 + 5 + 1))?
-5
What is 5 - (3 - 6) - 3?
5
What is the value of -2 + (-2 - -3) - (-2 - 1)?
2
Calculate -3 + 1 - -6 - (-1 - 0).
5
What is 0 - -2 - (-1 + -2) - 2?
3
What is 0 + -6 + 1 - (66 - 71)?
0
Calculate (-6 + 7 - -2) + -8.
-5
Calculate -2 - -2 - 4 - (-5 - -2).
-1
1 + (5 + -15 - -5)
-4
Calculate -5 - (-3 + -2 + 3).
-3
What is (-5 - -5) + 7 + -4?
3
What is the value of -3 + 4 + -1 + 3?
3
Calculate 0 - 17 - (13 + -14 - 6).
-10
What is the value of (-3 - -2 - -1) + -1 + -1?
-2
(5 - 2) + 0 - (-2 - -4)
1
What is the value of -2 + (3 - 1) - -5?
5
What is 7 + (-2 - 2) + -2 - -3?
4
Calculate 0 + -1 + -1 + -15 + 14.
-3
Evaluate -3 + 10 - (-5 - -9).
3
Calculate 1 - (7 - 11) - -4.
9
Calculate -6 - 0 - -2 - -9.
5
What is the value of 4 + 3 + (1 - 7) + 4?
5
7 + 1 + (-16 - -5) + 6
3
Evaluate -3 - (-10 - (3 + (2 - 5))).
7
What is the value of (1 - (6 + -2) - -8) + 1?
6
Calculate 4 + -4 + 7 + -7.
0
Calculate (6 - 2) + (-4 - 4).
-4
What is the value of 9 + -8 + -5 + 2?
-2
What is the value of 7 - (-3 + 1 + 8 + -5)?
6
Evaluate (3 - 10 - -4) + -1.
-4
What is the value of (1 + 0 - -2 - 4) + -1?
-2
Calculate (4 - 13) + 11 + -1 + -7.
-6
Evaluate -2 + (-2 - (2 + (-7 - -6))).
-5
Calculate 6 + -7 - (-10 + -1) - 7.
3
What is the value of -11 + 4 - (4 - (7 + -4))?
-8
What is the value of 2 - 6 - (2 - 7)?
1
Calculate (0 - -4) + -2 - -2.
4
What is 10 - 8 - (5 - (6 + -3))?
0
Calculate -16 + 16 + 1 + 0 + -2.
-1
Calculate (-4 - -5 - (0 + 1)) + 2.
2
(3 - ((-2 - -4) + -2)) + 0
3
1 - ((0 - 5) + 5 + 1)
0
Evaluate -1 + (-2 - (-7 - -5)).
-1
(2 - (2 + 3)) + -2
-5
What is 3 + 0 + -6 + 1 + -3?
-5
Evaluate (2 - 1 - -1) + (-7 - -6).
1
What is 11 - (15 - (-1 - -10))?
5
Evaluate (2 - (-4 - -2)) + -23 + 18.
-1
Evaluate 0 + (-2 - -7) + -3 + -1.
1
Calculate 0 - (-13 - -17 - (5 + -1)).
0
Calculate 0 - (0 + (4 - 7)).
3
Calculate (5 - 8) + 5 + -1.
1
Evaluate (12 + -1 - 1) + -4 - 2.
4
What is the value of (9 - (4 - -6)) + -5?
-6
-3 + 1 + 3 + 12 + -8
5
What is the value of -1 + 2 + (-1 - (-2 - -7))?
-5
Calculate -3 + (17 + -11 - (-2 - -2)).
3
Calculate 7 + (-7 - 0) + (9 - 11).
-2
Calculate -1 + 9 - (7 - (3 - 1)).
3
Evaluate 6 - (5 + -12 + 9 + 3).
1
What is the value of -1 - 1 - (-8 - -6)?
0
Evaluate -1 + 1 + 2 - (-25 + 28).
-1
Evaluate -47 - -49 - (1 - (5 - 2)).
4
Evaluate 8 + (2 - (7 + 2)).
1
Evaluate (23 - 5) + -12 - 2.
4
What is 6 + (-3 - 0) - -1?
4
Evaluate -18 + (-9 - (-10 + -10)).
-7
Evaluate 1 + -1 + 1 + -1 - 4.
-4
Calculate -7 - (-25 + 5 + -1 + 7).
7
2 + (2 - 3 - -4)
5
Calculate -3 + -5 + (1 - -8) + -6.
-5
Calculate -5 + 7 - (2 + -5).
5
Calculate 4 + -4 - 4 - -2.
-2
What is -4 - (0 + -2 + (-6 - -10))?
-6
What is the value of 2 - (9 - 5 - 5)?
3
What is the value of (6 - 0) + (41 - 43)?
4
Calculate 5 + -2 - (21 + -17) - -3.
2
What is (2 + -8 - (-2 - -3)) + 2?
-5
Calculate 0 - (-1 - (7 + -4)).
4
What is the value of -6 + 2 - 4 - -5?
-3
-2 + -3 + 11 + -3
3
Evaluate -3 + 8 + -4 - -3.
4
Calculate -3 + 6 + -1 + -5.
-3
What is 2 - (1 - -3) - 0?
-2
What is 0 - 0 - (4 + -1 + -1)?
-2
What is the value of -5 + 1 + 0 - (-21 + 20)?
-3
-5 + -10 + 6 - -10
1
Evaluate -5 - ((5 - (6 + -6)) + -2).
-8
What is the value of (-2 - -1) + -3 + 5?
1
(8 - 12) + 5 + -2
-1
What is 4 - ((3 - -6) + -3)?
-2
What is the value of -10 + (-5 + 10 - -2)?
-3
What is the value of -15 + 9 - -5 - -6?
5
Evaluate (6 - -15) + -12 + 0.
9
Calculate -6 + (5 - 0) + -2 + -2.
-5
Evaluate 7 + -8 - -8 - (17 - -1).
-11
What is the value of -6 + -4 + 9 + -2 - -3?
0
(-22 - -9) + -2 - (-10 + 5)
-10
What is (-11 - (3 + -7)) + (-3 - -5)?
-5
(2 - 8) + (-7 + 15 - 0)
2
-1 + 2 - (-2 + -2 + 3)
2
Calculate 0 + (-4 - (-8 + 4)).
0
Calculate 1 + 0 - (-8 - (-5 + -9)).
-5
(7 - (9 - 2)) + 7
7
Calculate (-6 - -1) + 6 + -4 - -4.
1
8 + 5 + (5 - 11)
7
What is the value of -10 - ((3 - -1) + -10)?
-4
What is the value of (-2 + -7 - -7) + 4?
2
Calculate 0 + 7 + 13 + -16.
4
Calculate (-12 + 2 - (-8 - -4)) + 8.
2
What is the value of (53 - 53) + (1 - (-4 + 2))?
3
Calculate 2 + -3 + 3 + -5 - -3.
0
Calculate -1 + (10 - (-4 - -9)).
4
What is 2 + -6 + -2 + 64 + -67?
-9
Calculate 2 + -8 + -3 + 2.
-7
Evaluate (-7 - -2) + 4 + -4 + -3.
-8
What is the value of -2 + 0 + 1 + (-49 - -48)?
-2
3 + -2 - (7 - 15 - -7)
2
What is the value of 0 + -3 + 3 + (-5 - -10)?
5
Evaluate (-63 - -67) + (-2 + -1 - 0).
1
Evaluate 1 - (-1 + 4 - 3).
1
What is (14 - -7) + -17 - (0 + 2)?
2
-10 - (3 + 8 + -7) - -5
-9
-2 + 3 + -4 + 1 - -3
1
Evaluate -7 + 7 + -5 - (-11 + 3).
3
Calculate 0 + (0 - (6 - 4)).
-2
Evaluate -2 + (-1 + -3 + 0 - -8).
2
What is (-8 - -4) + 2 + (4 - 1)?
1
What is 5 + -7 - (-1 + (4 - 2))?
-3
Calculate 27 + -13 - (7 - -2).
5
What is the value of -3 + 1 + -3 - (-2 - 3)?
0
Evaluate 1 + -4 + (-3 - (-7 + 6)).
-5
Calculate 3 + 2 + -3 + 5.
7
What is 11 - (-2 + 11 + -7 + 4)?
5
What is (65 - 75) + 14 + 0?
4
Evaluate 95 + -88 - (2 - (-1 - -2)).
6
Calculate 8 + 1 + 0 + -4.
5
-3 + 0 + (-4 - -4)
-3
What is the value of -7 - ((-8 - -4) + 1)?
-4
What is -3 + (4 - 1 - 2) - -3?
1
What is 3 - (-3 - -9) - -8?
5
What is (8 - 4 - -1) + -3 + -2?
0
-6 + -7 + 6 + 2
-5
What is the value of 5 - (-1 + 3 + 4 + -8)?
7
What is (22 - 23) + (-1 + 7 - 1)?
4
-1 + 2 - (-3 + 0)
4
Evaluate 0 - -3 - (8 - 4).
-1
Calculate 11 + -14 + (0 - (0 - 9)).
6
0 - (1 - (7 - (16 - 6)))
-4
Calculate -7 - (7 - 2 - 8).
-4
-2 + 2 - (-2 + -4 - -1)
5
Calculate 1 + (-4 + -1 + 7 - 5).
-2
What is 3 + -13 - (-5 + 9 + -7)?
-7
1 + (0 - (-4 - -3)) + -1
1
Evaluate -3 - (-4 - 1) - (-5 + 6).
1
What is the value of 9 - (0 + -3 + -11 + 16)?
7
Evaluate -6 + -11 + 9 + 3 + -4.
-9
Evaluate -1 + 2 - (27 + -28).
2
Calculate 0 - ((21 - 17) + (1 - 8)).
3
Evaluate 1 - 7 - -5 - 4.
-5
What is the value of -19 - -13 - (-5 - 1)?
0
11 + 0 + (-7 - -2) - -1
7
Evaluate -2 + (0 - (-4 + 1)).
1
((3 - 1) + -9 - -1) + 13
7
What is 3 - (3 + 1) - -1?
0
Evaluate 14 + -6 + -12 - (2 - -1).
-7
What is the value of 4 + (1 - (2 - -5))?
-2
Calculate 3 + (-3 - -1) - (-12 + 11).
2
What is the value of -2 + (-8 - -4) + 5?
-1
What is (-2 - (-1 + -4)) + -5?
-2
(-2 - 1 - 0 - -6) + -10
-7
-4 + 1 - (-10 - (2 + -5))
4
Calculate 0 + 0 + 0 - (45 + -41).
-4
Evaluate -3 - ((1 - 0) + 0 + -4).
0
What is -2 + -8 + 3 + 5?
-2
What is 1 + -1 + -1 + -2 + 6?
3
What is the value of -1 + (-4 - (-3 + 4)) - -4?
-2
Calculate (19 - 10) + (-1 - 5) + -7.
-4
Evaluate -2 + (0 - 0) + (6 - 2).
2
Evaluate -6 - (-5 - 2) - 2.
-1
4 + -2 - (6 + -13)
9
What is the value of 1 + -4 + (-5 - -11)?
3
What is -5 + -1 + 0 - -1?
-5
What is the value of -3 + -2 + 1 + (-1 - 0)?
-5
Calculate 1 - ((-5 - -3 - -9) + -3).
-3
What is 4 + 5 + -4 - (-3 + 5)?
3
Evaluate -1 - ((-8 - 1) + (1 - -3)).
4
What is 0 + (-1 - 3 - -8)?
4
(-7 - -6) + 5 + -8
-4
0 + -1 + -5 + 2 + 5
1
What is the value of -7 + (-5 - -8 - 2)?
-6
Evaluate -4 + 7 - (-4 - (2 + -2)).
7
Evaluate (-8 - (-6 - 0)) + -1 + -1.
-4
What is (-4 - (0 + -5)) + -2?
-1
What is the value of 3 + (-1 + 1 - (7 - 6))?
2
What is the value of (5 - 2) + -12 + 14?
5
Evaluate -6 + 12 + (-27 - -10).
-11
Calculate -8 - (1 + (7 - 10) + -16).
10
0 + (-4 - 2) + (0 - -1)
-5
Evaluate -1 - 2 - (-4 - (-6 + 2)).
-3
Evaluate 3 + (2 - 5) + 3.
3
What is 8 + -6 + (-1 - -2) + -6?
-3
What is the value of 2 + -5 + -9 + 7?
-5
What is the value of -23 + 8 + -1 + 6 - -6?
-4
Evaluate 2 - (-3 - (5 + -6)).
4
34 + -37 + (1 - -3)
1
Calculate (-5 - (-7 - -3)) + -3.
-4
Calculate 5 - (13 + -13 - -7).
-2
Calculate (-1 - -3) + -1 + 1 + 3.
5
3 + 0 + 0 + (8 - 7)
4
What is the value of -2 - (-42 + 41 - (4 - 1))?
2
Evaluate (-8 - 1) + 62 + -49.
4
What is 1 + -3 + 2 + -5?
-5
Calculate 3 - 3 - ((4 - -2) + -13).
7
Evaluate -2 + (7 - (8 - 6)).
3
What is (2 - 2) + -3 - 1?
-4
What is 13 - 7 - (1 - -1)?
4
-20 + 9 - (-8 - -1)
-4
Calculate -5 + (-3 - -4) - (-2 - 1).
-1
What is -2 - (-1 - 3) - 1 - 7?
-6
-2 - (2 + -8 + (-7 - -8))
3
What is -6 + (1 - 13) +